{"id":16179,"date":"2025-11-26T13:32:34","date_gmt":"2025-11-26T11:32:34","guid":{"rendered":"https:\/\/nurm.ee\/?page_id=16179"},"modified":"2025-11-26T14:49:24","modified_gmt":"2025-11-26T12:49:24","slug":"tingimused","status":"publish","type":"page","link":"https:\/\/nurm.ee\/?page_id=16179","title":{"rendered":"Tingimused"},"content":{"rendered":"<section  class='av_textblock_section av-mifxeodr-a8146170e1aea725a022af8173b5fdad'  itemscope=\"itemscope\" itemtype=\"https:\/\/schema.org\/CreativeWork\" ><div class='avia_textblock'  itemprop=\"text\" ><p>M\u00fc\u00fcgitingimused<\/p>\n<ol>\n<li>M\u00fc\u00fcgitingimuste kehtivus<\/li>\n<\/ol>\n<p>1.1 M\u00fc\u00fcgitingimused kehtivad www.nurm.ee eebipoest ostja (edaspidi Tarbija) ja ettev\u00f5tja VILJANDI NURME O\u00dc. (edaspidi Veebipood nurm.ee) vahel kaupade ja teenuste ostmisel.<\/p>\n<p>1.2 VILJANDI NURME O\u00dc juriidilised andmed: J\u00e4mejala tee 20, Viljandi vald 71024,<\/p>\n<p>reg nr 10120068\u00a0\u00a0\u00a0 km kood EE100220366<\/p>\n<p>Kontaktandmed: info@nurm.ee<\/p>\n<p>Tegevuskoha aadress: J\u00e4mejala tee 20, Viljandi vald 71024,<\/p>\n<p>1.3 Lisaks k\u00e4esolevatele tingimustele reguleerivad nurm.ee veebipoest toodete ostmisel tekkivaid \u00f5igussuhteid Eesti Vabariigis kehtivad v\u00f5la\u00f5igusseadus (edaspidi V\u00d5S), tarbijakaitseseadus (edaspidi TKS) ja teised \u00f5igusaktid.<\/p>\n<p>1.4 Veebipood nurm.ee j\u00e4tab endale \u00f5iguse teha m\u00fc\u00fcgitingimustes muudatusi. Nimetatud muudatusi kajastatakse veebilehel nurm.ee.<\/p>\n<ol start=\"2\">\n<li>Hinnainfo<\/li>\n<\/ol>\n<p>2.1 K\u00f5ik veebipoes nurme.eu toodud hinnad sisaldavad k\u00e4ibemaksu 24%.<\/p>\n<p>2.2 Ostuhinnale lisandub transpordi hind vastavalt Tarbija valitud tarneviisile. (Omniva Pakiautomaat 5 eurot<\/p>\n<p>2.3 Kohaletoimetamise tasu ei rakendata \u00fcle 50 eurostele tellimustele.<\/p>\n<p>2.4 Kui tellimus on esitatud enne m\u00fc\u00fcgitingimuste v\u00f5i hindade muutmist, kohaldatakse Tarbija ja nurm.ee vahel tekkinud \u00f5igussuhetele tellimuse vormistamise ajal kehtinud tingimusi.<\/p>\n<ol start=\"3\">\n<li>Tellimuse vormistamine<\/li>\n<\/ol>\n<p>3.1 Lisage soovitud tooted ostukorvi.<\/p>\n<p>3.2 Tellimuse vormistamiseks vajutage k\u00f5igepealt ostukorvis lingile \u201eLisa ostukorvi\u02ee.<\/p>\n<p>3.3 Tellimuse vormistamise lehel t\u00e4itke n\u00f5utud andmev\u00e4ljad, valige teile sobiv toodete kohaletoimetamise viis ja vajutage lingile \u201eMine maksma\u02ee. Seej\u00e4rel kuvatakse ekraanile arve, mille saate tasuda mugavalt pangalingi kaudu (Swedbank, SEB, LHV, Coop, Luminor, Mtasku). Andmed euromakse sooritamiseks koos k\u00f5igi kehtivate riiklike maksudega ja lisanduvate tasudega leiate p\u00e4rast tellimuse kinnitamist ekraanile kuvatud arvelt.<\/p>\n<p>Isikuandmete \u00a0vastutav t\u00f6\u00f6tleja on VILJANDI NURME O\u00dc, KES\u00a0 edastab maksete teostamiseks vajalikud isikuandmed volitatud \u00a0SWEDBANK AS<\/p>\n<p>3.5 T\u00e4itke andmete ja tellimuse kinnituse lehek\u00fcljel olevad lahtrid t\u00e4helepanelikult, sest esitatud informatsiooni t\u00e4psusest ja \u00f5igsusest s\u00f5ltub Teie ostetud toodete kiire ja t\u00f5rgeteta kohaletoimetamine ning hilisem vaidluste ja pretensioonide lahendamine.<\/p>\n<p>3.6 M\u00e4rkige linnuke lahtrisse \u201cOlen tutvunud veebilehe m\u00fc\u00fcgitingimustega ning meie privaatsuspoliitikaga ja n\u00f5ustun nendega\u201d.<\/p>\n<p>3.7 Veebipoes sooritatud tellimusi k\u00e4sitletakse igal t\u00f6\u00f6p\u00e4eval 10.00-16.00 . Kui tellimus esitatakse reedel p\u00e4rast kella 12.00, v\u00f5idakse tellimus vormistada alles j\u00e4rgneval t\u00f6\u00f6p\u00e4eval.<\/p>\n<p>3.8 Tellimuse v\u00e4ljasaatmiseks kulub nurm.ee-l keskmiselt 1-3 t\u00f6\u00f6p\u00e4eva s\u00f5ltuvalt valitud kohaletoimetamise viisist.<\/p>\n<ol start=\"4\">\n<li>M\u00fc\u00fcgilepingu j\u00f5ustumine<\/li>\n<\/ol>\n<p>4.1 Kauba m\u00fc\u00fcgilepinguga kohustub veebipood nurm.ee andma Tarbijale \u00fcle olemasoleva, valmistatava v\u00f5i veebipood nurm.ee poolt tulevikus omandatava Kauba ning tegema v\u00f5imalikuks omandi \u00fclemineku Tarbijale, Tarbija aga kohustub veebipood nurm.ee-le tasuma Kauba eest esitatud arvel n\u00e4idatud summa ja v\u00f5tma Kauba vastu.<\/p>\n<p>4.2 Tellimused, mille eest ei ole tasutud, annulleeritakse 7 p\u00e4eva m\u00f6\u00f6dudes alates tellimuse vormistamisest.<\/p>\n<p>4.3 M\u00fc\u00fcgileping j\u00f5ustub p\u00e4rast Tarbija tehtud makse laekumist Veebipoe pangakontole.<\/p>\n<ol start=\"5\">\n<li>Kohaletoimetamine<\/li>\n<\/ol>\n<p>5.1 P\u00e4rast m\u00fc\u00fcgilepingu j\u00f5ustumist komplekteerib veebipood nurm.ee tellimuse ning annab selle kohaletoimetamiseks \u00fcle ettev\u00f5tte logistikapartneritele. Juba vormistatud tellimust ei ole enam v\u00f5imalik t\u00fchistada.<\/p>\n<p>5.2 nurm.ee veebilehel n\u00e4idatud kohaletoimetamise t\u00e4htajad kehtivad tellimuse summa laekumise hetkest Veebipoe pangakontole. Keskmiselt on kohaletoimetamise aeg 1-3 t\u00f6\u00f6p\u00e4eva.<\/p>\n<p>5.3 Viivitusteta kohaletoimetamiseks tuleb olla hoolas ning tellimuse vormistamisel esitada kohaletoimetamise andmete sisestamisel t\u00f5ele vastavad ning kehtivad andmed. Kui kaup ei ole m\u00f5istliku aja jooksul Kliendini j\u00f5udnud tuleb kontakteeruda e-posti teel info@nurm.ee, et kontrollida saaja andmete \u00f5igsust. Adressaadile mitte kohale j\u00f5dnud tellimuste eest, mis on nurm.ee-le logistikapartneri poolt tagasi saadetud, kantakse Kliendile raha tagasi 7 t\u00f6\u00f6p\u00e4eva jooksul alates tagastatud tellimuse kohaletoimetamise p\u00e4evast.<\/p>\n<p>5.4 Veebipood nurm.ee ei vastuta kauba kohaletoimetamise viibimise eest juhul, kui kaup on logistikapartneritele \u00fcle antud \u00f5igel ajal, kuid kohaletoimetamise viibimine on tingitud asjaoludest, mida veebipood nurm.ee ei saanud m\u00f5jutada ega ette n\u00e4ha.<\/p>\n<ol start=\"6\">\n<li>Tagastamis\u00f5igus<\/li>\n<\/ol>\n<p>6.1 P\u00e4rast tellimuse k\u00e4ttesaamist on Tarbijal \u00f5igus e-poes s\u00f5lmitud lepingust taganeda p\u00f5hjust avaldamata 14 p\u00e4eva jooksul. Oma soovist kaup tagastada tuleb teatada meiliaadressil info@nurm.ee . Kirjas palume m\u00e4rkida tellimuse number, tellija andmed ning toode mida soovitakse tagastada.<\/p>\n<\/div><\/section>\n","protected":false},"excerpt":{"rendered":"","protected":false},"author":2,"featured_media":0,"parent":0,"menu_order":0,"comment_status":"closed","ping_status":"closed","template":"","meta":{"footnotes":""},"class_list":["post-16179","page","type-page","status-publish","hentry"],"yoast_head":"<!-- This site is optimized with the Yoast SEO plugin v25.3.1 - https:\/\/yoast.com\/wordpress\/plugins\/seo\/ -->\n<title>Tingimused - Viljandi Nurme<\/title>\n<meta name=\"robots\" content=\"index, follow, max-snippet:-1, max-image-preview:large, max-video-preview:-1\" \/>\n<link rel=\"canonical\" href=\"https:\/\/nurm.ee\/?page_id=16179\" \/>\n<meta property=\"og:locale\" content=\"et_EE\" \/>\n<meta property=\"og:type\" content=\"article\" \/>\n<meta property=\"og:title\" content=\"Tingimused - Viljandi Nurme\" \/>\n<meta property=\"og:url\" content=\"https:\/\/nurm.ee\/?page_id=16179\" \/>\n<meta property=\"og:site_name\" content=\"Viljandi Nurme\" \/>\n<meta property=\"article:modified_time\" content=\"2025-11-26T12:49:24+00:00\" \/>\n<meta property=\"og:image\" content=\"https:\/\/nurm.ee\/wp-content\/uploads\/2026\/02\/cropped-viljandi-nurme-logo.jpg\" \/>\n\t<meta property=\"og:image:width\" content=\"512\" \/>\n\t<meta property=\"og:image:height\" content=\"512\" \/>\n\t<meta property=\"og:image:type\" content=\"image\/jpeg\" \/>\n<meta name=\"twitter:card\" content=\"summary_large_image\" \/>\n<meta name=\"twitter:label1\" content=\"Est. reading time\" \/>\n\t<meta name=\"twitter:data1\" content=\"3 minutit\" \/>\n<script type=\"application\/ld+json\" class=\"yoast-schema-graph\">{\"@context\":\"https:\/\/schema.org\",\"@graph\":[{\"@type\":\"WebPage\",\"@id\":\"https:\/\/nurm.ee\/?page_id=16179\",\"url\":\"https:\/\/nurm.ee\/?page_id=16179\",\"name\":\"Tingimused - Viljandi Nurme\",\"isPartOf\":{\"@id\":\"https:\/\/nurm.ee\/#website\"},\"datePublished\":\"2025-11-26T11:32:34+00:00\",\"dateModified\":\"2025-11-26T12:49:24+00:00\",\"breadcrumb\":{\"@id\":\"https:\/\/nurm.ee\/?page_id=16179#breadcrumb\"},\"inLanguage\":\"et\",\"potentialAction\":[{\"@type\":\"ReadAction\",\"target\":[\"https:\/\/nurm.ee\/?page_id=16179\"]}]},{\"@type\":\"BreadcrumbList\",\"@id\":\"https:\/\/nurm.ee\/?page_id=16179#breadcrumb\",\"itemListElement\":[{\"@type\":\"ListItem\",\"position\":1,\"name\":\"Home\",\"item\":\"https:\/\/nurm.ee\/?page_id=9737\"},{\"@type\":\"ListItem\",\"position\":2,\"name\":\"Tingimused\"}]},{\"@type\":\"WebSite\",\"@id\":\"https:\/\/nurm.ee\/#website\",\"url\":\"https:\/\/nurm.ee\/\",\"name\":\"Viljandi Nurme\",\"description\":\"Viljandi Nurme O\u00dc koduleht\",\"potentialAction\":[{\"@type\":\"SearchAction\",\"target\":{\"@type\":\"EntryPoint\",\"urlTemplate\":\"https:\/\/nurm.ee\/?s={search_term_string}\"},\"query-input\":{\"@type\":\"PropertyValueSpecification\",\"valueRequired\":true,\"valueName\":\"search_term_string\"}}],\"inLanguage\":\"et\"}]}<\/script>\n<!-- \/ Yoast SEO plugin. -->","yoast_head_json":{"title":"Tingimused - Viljandi Nurme","robots":{"index":"index","follow":"follow","max-snippet":"max-snippet:-1","max-image-preview":"max-image-preview:large","max-video-preview":"max-video-preview:-1"},"canonical":"https:\/\/nurm.ee\/?page_id=16179","og_locale":"et_EE","og_type":"article","og_title":"Tingimused - Viljandi Nurme","og_url":"https:\/\/nurm.ee\/?page_id=16179","og_site_name":"Viljandi Nurme","article_modified_time":"2025-11-26T12:49:24+00:00","og_image":[{"width":512,"height":512,"url":"https:\/\/nurm.ee\/wp-content\/uploads\/2026\/02\/cropped-viljandi-nurme-logo.jpg","type":"image\/jpeg"}],"twitter_card":"summary_large_image","twitter_misc":{"Est. reading time":"3 minutit"},"schema":{"@context":"https:\/\/schema.org","@graph":[{"@type":"WebPage","@id":"https:\/\/nurm.ee\/?page_id=16179","url":"https:\/\/nurm.ee\/?page_id=16179","name":"Tingimused - Viljandi Nurme","isPartOf":{"@id":"https:\/\/nurm.ee\/#website"},"datePublished":"2025-11-26T11:32:34+00:00","dateModified":"2025-11-26T12:49:24+00:00","breadcrumb":{"@id":"https:\/\/nurm.ee\/?page_id=16179#breadcrumb"},"inLanguage":"et","potentialAction":[{"@type":"ReadAction","target":["https:\/\/nurm.ee\/?page_id=16179"]}]},{"@type":"BreadcrumbList","@id":"https:\/\/nurm.ee\/?page_id=16179#breadcrumb","itemListElement":[{"@type":"ListItem","position":1,"name":"Home","item":"https:\/\/nurm.ee\/?page_id=9737"},{"@type":"ListItem","position":2,"name":"Tingimused"}]},{"@type":"WebSite","@id":"https:\/\/nurm.ee\/#website","url":"https:\/\/nurm.ee\/","name":"Viljandi Nurme","description":"Viljandi Nurme O\u00dc koduleht","potentialAction":[{"@type":"SearchAction","target":{"@type":"EntryPoint","urlTemplate":"https:\/\/nurm.ee\/?s={search_term_string}"},"query-input":{"@type":"PropertyValueSpecification","valueRequired":true,"valueName":"search_term_string"}}],"inLanguage":"et"}]}},"_links":{"self":[{"href":"https:\/\/nurm.ee\/index.php?rest_route=\/wp\/v2\/pages\/16179","targetHints":{"allow":["GET"]}}],"collection":[{"href":"https:\/\/nurm.ee\/index.php?rest_route=\/wp\/v2\/pages"}],"about":[{"href":"https:\/\/nurm.ee\/index.php?rest_route=\/wp\/v2\/types\/page"}],"author":[{"embeddable":true,"href":"https:\/\/nurm.ee\/index.php?rest_route=\/wp\/v2\/users\/2"}],"replies":[{"embeddable":true,"href":"https:\/\/nurm.ee\/index.php?rest_route=%2Fwp%2Fv2%2Fcomments&post=16179"}],"version-history":[{"count":6,"href":"https:\/\/nurm.ee\/index.php?rest_route=\/wp\/v2\/pages\/16179\/revisions"}],"predecessor-version":[{"id":16189,"href":"https:\/\/nurm.ee\/index.php?rest_route=\/wp\/v2\/pages\/16179\/revisions\/16189"}],"wp:attachment":[{"href":"https:\/\/nurm.ee\/index.php?rest_route=%2Fwp%2Fv2%2Fmedia&parent=16179"}],"curies":[{"name":"wp","href":"https:\/\/api.w.org\/{rel}","templated":true}]}}